of 285?
2
What is the thousands digit of 43723?
3
What is the units digit of 48747?
7
What is the units digit of 11771?
1
What is the ten thousands digit of 20765?
2
What is the units digit of 12091?
1
What is the units digit of 11570?
0
What is the tens digit of 17626?
2
What is the tens digit of 6834?
3
What is the thousands digit of 22286?
2
What is the units digit of 154231?
1
What is the units digit of 943?
3
What is the hundreds digit of 9701?
7
What is the hundreds digit of 884?
8
What is the units digit of 2786?
6
What is the units digit of 1405?
5
What is the units digit of 3470?
0
What is the units digit of 129334?
4
What is the units digit of 684?
4
What is the tens digit of 63970?
7
What is the tens digit of 19710?
1
What is the tens digit of 41248?
4
What is the thousands digit of 1341?
1
What is the units digit of 7627?
7
What is the thousands digit of 68222?
8
What is the hundred thousands digit of 100753?
1
What is the hundreds digit of 53686?
6
What is the thousands digit of 16171?
6
What is the tens digit of 19711?
1
What is the tens digit of 443?
4
What is the ten thousands digit of 90576?
9
What is the units digit of 56649?
9
What is the thousands digit of 41380?
1
What is the tens digit of 59133?
3
What is the tens digit of 2983?
8
What is the hundreds digit of 1780?
7
What is the thousands digit of 2234?
2
What is the hundreds digit of 25734?
7
What is the hundreds digit of 6522?
5
What is the tens digit of 1609?
0
What is the tens digit of 20705?
0
What is the hundreds digit of 7905?
9
What is the units digit of 942?
2
What is the hundreds digit of 137299?
2
What is the thousands digit of 2426?
2
What is the tens digit of 70767?
6
What is the tens digit of 3348?
4
What is the tens digit of 2096?
9
What is the tens digit of 1763?
6
What is the tens digit of 1389?
8
What is the thousands digit of 1519?
1
What is the units digit of 7183?
3
What is the thousands digit of 1936?
1
What is the tens digit of 7007?
0
What is the units digit of 1895?
5
What is the hundred thousands digit of 161197?
1
What is the thousands digit of 4453?
4
What is the units digit of 17140?
0
What is the thousands digit of 10696?
0
What is the thousands digit of 56574?
6
What is the tens digit of 3168?
6
What is the hundreds digit of 13445?
4
What is the ten thousands digit of 13132?
1
What is the tens digit of 3703?
0
What is the tens digit of 2363?
6
What is the units digit of 33069?
9
What is the hundreds digit of 1391?
3
What is the units digit of 9104?
4
What is the tens digit of 1288?
8
What is the tens digit of 30474?
7
What is the tens digit of 6714?
1
What is the thousands digit of 3597?
3
What is the tens digit of 2531?
3
What is the hundreds digit of 1809?
8
What is the thousands digit of 3041?
3
What is the tens digit of 2110?
1
What is the ten thousands digit of 73209?
7
What is the hundreds digit of 997?
9
What is the tens digit of 3707?
0
What is the tens digit of 1881?
8
What is the ten thousands digit of 28738?
2
What is the units digit of 82?
2
What is the thousands digit of 6501?
6
What is the ten thousands digit of 13050?
1
What is the tens digit of 6658?
5
What is the hundreds digit of 20969?
9
What is the thousands digit of 3936?
3
What is the tens digit of 16591?
9
What is the units digit of 31571?
1
What is the hundreds digit of 20424?
4
What is the tens digit of 10487?
8
What is the units digit of 2339?
9
What is the thousands digit of 20339?
0
What is the tens digit of 548?
4
What is the tens digit of 3063?
6
What is the units digit of 1738?
8
What is the hundreds digit of 24447?
4
What is the tens digit of 8707?
0
What is the thousands digit of 48614?
8
What is the units digit of 866?
6
What is the hundreds digit of 1462?
4
What is the ten thousands digit of 36836?
3
What is the hundreds digit of 5938?
9
What is the units digit of 1690?
0
What is the tens digit of 48111?
1
What is the tens digit of 130?
3
What is the hundreds digit of 27001?
0
What is the hundreds digit of 732?
7
What is the hundreds digit of 985?
9
What is the thousands digit of 1793?
1
What is the thousands digit of 161979?
1
What is the hundreds digit of 850?
8
What is the thousands digit of 1053?
1
What is the ten thousands digit of 98721?
9
What is the hundreds digit of 17898?
8
What is the units digit of 783?
3
What is the ten thousands digit of 18222?
1
What is the hundreds digit of 588?
5
What is the tens digit of 14454?
5
What is the hundreds digit of 309?
3
What is the units digit of 34977?
7
What is the hundreds digit of 746?
7
What is the units digit of 70?
0
What is the tens digit of 2085?
8
What is the tens digit of 11188?
8
What is the units digit of 1019?
9
What is the units digit of 7055?
5
What is the thousands digit of 27077?
7
What is the hundreds digit of 857?
8
What is the units digit of 2669?
9
What is the tens digit of 3950?
5
What is the hundreds digit of 1728?
7
What is the thousands digit of 1191?
1
What is the thousands digit of 16821?
6
What is the units digit of 7047?
7
What is the tens digit of 421?
2
What is the hundreds digit of 1255?
2
What is the hundreds digit of 1046?
0
What is the tens digit of 1135?
3
What is the tens digit of 473?
7
What is the units digit of 6017?
7
What is the hundreds digit of 1107?
1
What is the tens digit of 2196?
9
What is the thousands digit of 1728?
1
What is the thousands digit of 2798?
2
What is the units digit of 1060?
0
What is the tens digit of 5594?
9
What is the tens digit of 14008?
0
What is the units digit of 760?
0
What is the thousands digit of 1699?
1
What is the thousands digit of 62460?
2
What is the tens digit of 21452?
5
What is the hundreds digit of 1139?
1
What is the thousands digit of 12027?
2
What is the ten thousands digit of 68991?
6
What is the tens digit of 641?
4
What is the units digit of 57843?
3
What is the tens digit of 18262?
6
What is the hundreds digit of 11005?
0
What is the units digit of 8858?
8
What is the hundreds digit of 1316?
3
What is the ten thousands digit of 17167?
1
What is the thousands digit of 99467?
9
What is the thousands digit of 3341?
3
What is the units digit of 3348?
8
What is the tens digit of 3618?
1
What is the thousands digit of 29515?
9
What is the units digit of 8444?
4
What is the tens digit of 1274?
7
What is the tens digit of 2941?
4
What is the hundreds digit of 37138?
1
What is the units digit of 1617?
7
What is the hundreds digit of 1114?
1
What is the units digit of 1082?
2
What is the thousands digit of 57264?
7
What is the tens digit of 31517?
1
What is the tens digit of 55537?
3
What is the hundreds digit of 10582?
5
What is the thousands digit of 1211?
1
What is the hundreds digit of 143549?
5
What is the units digit of 7025?
5
What is the units digit of 69945?
5
What is the hundreds digit of 3604?
6
What is the tens digit of 1338?
3
What is the ten thousands digit of 32008?
3
What is the units digit of 1188?
8
What is the tens digit of 3517?
1
What is the ten thousands digit of 19988?
1
What is the hundreds digit of 1059?
0
What is the hundreds digit of 12392?
3
What is the units digit of 264?
4
What is the hundreds digit of 16003?
0
What is the tens digit of 156896?
9
What is the tens digit of 12864?
6
What is the hundreds digit of 3094?
0
What is the thousands digit of 3770?
3
What is the units digit of 67819?
9
What is the tens digit of 4483?
8
What is the units digit of 1723?
3
What is the ten thousands digit of 10652?
1
What is the thousands digit of 3373?
3
What is the units digit of 3795?
5
What is the hundreds digit of 457?
4
What is the hundred thousands digit of 140203?
1
What is the thousands digit of 6504?
6
What is the hundreds digit of 683?
6
What is the hundreds digit of 17086?
0
What is the units digit of 499?
9
What is the units digit of 2149?
9
What is the tens digit of 53517?
1
What is the units digit of 1728?
8
What is the thousands digit of 1123?
1
What is the units digit of 522?
2
What is the thousands digit of 51947?
1
What is the tens digit of 8420?
2
What is the tens digit of 986?
8
What is the ten thousands digit of 29476?
2
What is the units digit of 73?
3
What is the thousands digit of 8912?
8
What is the thousands digit of 11129?
1
What is the units digit of 5105?
5
What is the thousands